 j be 0 + 42/10 + (-4)/(-5). Let b(k) = -k**2 + 5*k - 3. Let d be b(j). Calculate w(d).
29
Let t(z) = -z + 20*z**2 + 2*z + 5 - 21*z**2 + 0. Let u(s) = 3*s - 15. Let j be u(5). Determine t(j).
5
Let t(a) = 25*a**2 - 9*a + 30. Let j(q) = 11*q**2 - 5*q + 14. Let r(x) = -9*j(x) + 4*t(x). Suppose 0 = -y - 3*c + 6, 0 = -3*y + 7*c - 4*c - 42. Give r(y).
-6
Let s(k) = -6*k - 16. Let w be s(-5). Suppose 0 = w*y + 3 + 25. Let q(p) = -4*p - 2 - 5 + 5 - p**2. What is q(y)?
2
Let q(d) = -31*d**2 + 2*d - 5. Let f(t) = 6*t**2. Let w(r) = -5*f(r) - q(r). Suppose -3*n = -0*k + 2*k + 10, 0 = -k - 5. What is w(n)?
5
Let f(k) be the third derivative of -k**6/120 + k**5/60 - k**4/3 + 3*k**3 - 2*k**2 - 1492*k. Determine f(0).
18
Let d(x) = -3*x - 6. Let b(p) = 1. Let u(g) = 3*b(g) + d(g). Let i(c) = 3*c + 11. Let f be i(-3). Suppose -2*y + f*w - 14 = 0, -y - 17 - 6 = -5*w. What is u(y)?
6
Let f = -212 + 204. Let l(g) be the first derivative of -g**4/4 - 10*g**3/3 - 8*g**2 + 7*g + 3. Let b be l(f). Let p(x) = x - 8. What is p(b)?
-1
Suppose 2*k + 5*n + 2 = 9, 4*k - 1 = 3*n. Suppose 4*u + k = 5. Let y(o) = u + 4 - o - 3. Calculate y(-6).
8
Let h be 1/10*4*-20. Let q(s) = 387132*s**2 - 7 - 193575*s**2 - s**3 - 2*s - 193565*s**2. Calculate q(h).
9
Let j(x) = x**2 + x - 78. Let r be 33/3 + 21/(-7). Calculate j(r).
-6
Let c(o) = 6*o. Suppose w - 5*r + 8 = 3*w, -w + 5*r = -4. Let s(m) = -2*m + 11. Let p be s(w). Suppose 5*t - 19 = 4*h, -5 - 7 = p*h - 3*t. What is c(h)?
-6
Let l(b) = b**3 - 4*b**2 + 4*b. Let r be -9 - -13 - 1/((-1)/44). Suppose -14*u = 6 - r. Calculate l(u).
3
Let k be 28/70 + 2/(50/(-35)). Let a(q) = 66*q**3 + q**2 + 2*q + 1. Determine a(k).
-66
Let p(t) = -38*t**3 - 8*t**2 - 8*t - 8. Let y(o) = 13*o**3 + 3*o**2 + 3*o + 3. Let i(z) = -4*p(z) - 11*y(z). Suppose -14 + 86 = -72*d. Calculate i(d).
-10
Let i(z) = 3*z**3 - 9*z**2 + 4*z + 18. Let v(x) = 0*x**3 + 26 + 4*x**3 - 8*x**2 - 8*x**2 + 3*x**2 + 6*x. Let c(o) = 7*i(o) - 5*v(o). Calculate c(-3).
-7
Let z(y) = -4459*y - 24 + 4454*y - 29. What is z(-11)?
2
Suppose 0 = -3*m - 3*c + 15, 8*m + 5*c - 25 = 2*c. Suppose 0 = 5*g - 31 - 39. Let i(s) = 17*s - 5. Let u(f) = -8*f + 2. Let o(w) = g*u(w) + 6*i(w). Give o(m).
-22
Let s(d) be the second derivative of -9/2*d**2 + 0 + 1/6*d**3 - 2*d. Give s(13).
4
Suppose 691*u - 300 = 666*u. Let z(o) be the first derivative of o**4/4 - 13*o**3/3 + 13*o**2/2 - o + 16. What is z(u)?
11
Let u = -635 + 638. Let b(p) = 14*p**3 - 1 + 5*p**2 - 5*p + 2 + 5*p**2 - 6*p**2 - 13*p**u. Calculate b(-5).
1
Suppose 119*b - 51 = -5 - 522. Let g(q) = q**3 + 4*q**2 - 3*q - 5. Determine g(b).
7
Let w(y) be the second derivative of y**5/20 - 5*y**4/12 - 7*y**3/2 - 25*y**2/2 + 156*y + 4. Give w(8).
-1
Let l be ((3 - -5) + -7)/(2/10). Let h(i) be the third derivative of 5/12*i**4 - 1/60*i**l + 2*i**2 + 0 + 0*i - 5/6*i**3. What is h(9)?
4
Suppose -4*h = -3*g + 286, -3*g + 398 = g + 3*h. Let r = 51 - g. Let z = -47 - r. Let n(t) = -t**2 + t + 10. Give n(z).
10
Let m(g) be the second derivative of g**4/4 + 7*g**3/6 - 7*g**2/2 - 2*g - 901. Calculate m(-5).
33
Let w(d) = -256*d - 769. Let c be w(-3). Let y(o) be the first derivative of 22*o**3/3 - o**2/2 - 1. Calculate y(c).
23
Suppose -30 = -3*w - 3*v, -38*w + 40*w - 20 = -v. Let s(z) = -z**3 - z**2 + 3. Let k be s(0). Let y(m) = 7 - 15 - 2*m + w - k*m. What is y(4)?
-18
Let h(t) = -13*t**3 + 11*t**2 + 12*t - 21. Let a(g) = 9*g**3 - 11*g**2 - 13*g + 22. Let x(k) = 3*a(k) + 2*h(k). Give x(12).
-12
Suppose -265 = 5*t + 5*s, 45 = -t + 36*s - 39*s. Let p(g) = 12*g + 679. What is p(t)?
-5
Let a(m) = -m + 5. Let w(x) be the second derivative of x**5/20 - x**4/2 + x**3/2 - 13*x**2/2 + 3*x + 1. Let i be w(6). Calculate a(i).
0
Let q(i) = -i + 10. Let m(n) be the third derivative of -3*n**4/8 + 29*n**3/3 + 143*n**2. Let u be m(5). Calculate q(u).
-3
Let b(t) = -t**3 - 6*t**2 - 7*t - 4. Let i = 292 - 313. Let k(c) = c**2 + 23*c + 37. Let u be k(i). Calculate b(u).
6
Let k(t) = -4*t + 6*t + 2*t. Let o be (-340)/30*(-3)/(-2). Let h(q) = q**2 + 17*q + 6. Let x be h(o). Determine k(x).
24
Let f(a) be the second derivative of -3*a**5/20 + a**2/2 - 111*a. Suppose 0 = 4*q - 5*q + 1. Determine f(q).
-2
Let g be 11 + -12 - (-35)/7. Let z(s) = -15*s + 6. Let r(l) = -7*l + 3. Let q(o) = 9*r(o) - 4*z(o). What is q(g)?
-9
Suppose 1 = 5*h - 9. Let g(y) = 3*y + 52. Let d(w) = -3*w - 46. Let x(c) = -8*d(c) - 7*g(c). Give x(h).
10
Let r(g) be the second derivative of -5*g**3/3 + 40*g**2 - 2910*g. Determine r(12).
-40
Suppose 365 = 223*d - 150*d. Let s(b) = -9*b + 46. Determine s(d).
1
Let n(r) = r**2 + 10*r + 11. Let f be n(-1). Suppose 12 = -s - o, -o + f = 5. Let i(b) = b**2 + 11*b + 15. Calculate i(s).
-3
Let j(y) = -420*y + 1672. Let b be j(4). Let r(u) be the third derivative of u**6/120 + 7*u**5/60 - 7*u**4/24 + 5*u**3/3 - 2*u**2. What is r(b)?
2
Let u(m) = m**3 + 8*m**2 + 9*m - 6. Let l be 12645/(-40) + (-7)/(-56). Let h = l - -309. Give u(h).
-20
Let j(k) = -3*k**3 - 2*k**2 + 2. Let r be j(-1). Let d be -12 + -2 + 7 + r. Let y(a) = a**3 + 3*a**2 - 3*a - 1. Determine y(d).
-5
Let d(k) = k**3 + 8*k**2 - 31*k + 12. Let p be d(-10). Let y(l) = -125 + l**2 + 11*l + 0*l**2 + p - 2*l. What is y(-8)?
-11
Let j(v) = -168025 - 2*v - 3*v + 168013 + v**2 - 5*v. Determine j(-1).
-1
Let x(l) be the third derivative of -1/60*l**5 - 33*l**2 + 7/6*l**3 + 0 + 0*l + 1/24*l**4. Let s = 8 + -3. Calculate x(s).
-13
Let g(x) = -1. Let y(t) = -2*t - 23. Let w be y(-14). Let v(o) = -o**2 + 10*o - 3. Let h(u) = w*g(u) + v(u). Let f = -1 + 8. What is h(f)?
13
Suppose 5*f + 15 = -0*f, 3*x = f - 12. Let y(h) be the first derivative of -h**3/3 - 4*h**2 + 5*h - 706. Give y(x).
20
Let s(u) = 2*u. Let x(n) = 14*n**2 - 13*n + 228. Let i(g) = -6*s(g) - x(g). Let r(o) be the first derivative of i(o). Determine r(1).
-27
Suppose -9*p + 24 = 5*s - 8*p, -12 = -3*p. Let n(j) = j**3 - 2*j**2 - j - 3. What is n(s)?
25
Let o(q) = q**3 - 6*q**2 + 2*q + 6. Let i(f) = 45*f - 177. Let r be i(4). Give o(r).
-15
Let h be (12/(-21)*-1)/((-6)/(-84)). Let s(j) = j**3 - 9*j**2 + 3*j + 16. Calculate s(h).
-24
Suppose -3*r = -5*p + 19, p - 8 + 1 = -r. Suppose -3*q = -5*a - 0*q - 24, -40 = p*a + 5*q. Let c(l) = -l**2 - 10*l - 9. Calculate c(a).
15
Let z(i) = -i**2 + i. Let h be z(2). Let r(w) = 1525*w - 3 - 421*w - 1105*w. Calculate r(h).
-1
Let n(r) = -4*r - 13. Let v(f) = -f**3 - f**2 - 5*f - 9. Let a be v(-3). Suppose 0 = -4*j - 3*l - a, -32*j + 24 = -36*j + 2*l. Determine n(j).
11
Let n(c) = 7 + 20*c**2 + 51*c**2 - 5 - 8*c - 72*c**2. Determine n(-8).
2
Suppose 8*q = 21 + 51. Let d(c) be the third derivative of -c**5/60 + 7*c**4/24 + 17*c**3/6 - 539*c**2 + 3. What is d(q)?
-1
Let s(m) = -m**2 + 6*m - 1. Let d(h) = -h**3 - 2*h**2 - 4*h - 26. Let i(x) = d(x) + 2*s(x). Calculate i(-6).
-4
Let j(w) = -20*w**3. Let t(n) be the second derivative of 0 - 27/2*n**2 - 5/2*n**3 - 20*n - 1/12*n**4. Let z be t(-13). Give j(z).
20
Let c(q) = -12*q**2 - 1. Let g = -729 + 481. Let u = g - -249. Determine c(u).
-13
Let k(x) = -x**2 - 3*x - 5. Let d(g) = -g. Let v be -2 + 2 - (1 + -2). Let p(i) = i**3 - i**2 + 7*i - 75. Let c be p(4). Let z(t) = c*d(t) + v*k(t). Give z(-4).
-5
Let v(t) be the second derivative of -5*t**3/6 + 43*t**2 + 58*t. Let s be v(16). Let j(i) = -i**3 + 7*i**2 - 9*i + 3. Determine j(s).
-15
Let q(r) = r**3 + 8*r**2 + 3*r - 2. Let n(x) be the first derivative of -5*x**4/4 - 2*x**3/3 - 3*x**2/2 + 3*x + 35. Let i be n(1). Calculate q(i).
26
Let v(j) = -j**3 + 7*j**2 - 6*j - 2. Let b(c) = -c**3 - 10*c**2 + 10*c - 2. Let l be b(-11). Suppose 0 = -2*r + 4*a, l - 6 = a. Determine v(r).
-2
Suppose -23 = -15*y - 8. Let n be (0*(-2)/4)/1. Let u(c) = n*c - 10*c**2 - 2*c + 1 + 22*c**2. Give u(y).
11
Suppose -4*y = -46 + 74. Let d(b) = b**3 + 9*b**2 + 10*b - 24. Let m be d(y). Let i(v) = -v - 1. What is i(m)?
-5
Let z(x) = -3*x - 1. Let d(b) = b**2. Let g(o) = -6*d(o) + z(o). Suppose 28 = 30*p - 23*p. Let c(u) = 5*u**2 + 2*u. Let n(r) = p*g(r) + 5*c(r). Determine n(3).
-1
Let d(x) be the second derivative of 17*x**4/12 + x**3/2 + 2*x**2 - 12496*x. Calculate d(-2).
66
Let z(m) = -3*m + 74. Suppose -o - 4 = w, 6*w + 20 = -5*w - 5*o. Calculate z(w).
74
Let u(m) = m**3 - 5*m**2 - 6*m + 4. Suppose -3*j + 7*j = 5*w + 2780, -5*w - 